- w. Let x = 5 + t. List the prime factors of x.
2, 11
Let p(n) = -96*n - 88. List the prime factors of p(-2).
2, 13
Suppose 3078 - 390 = 7*n. What are the prime factors of n?
2, 3
Let u = -62 + 67. Suppose w = -3*i + 8 + 49, 2*w - 147 = u*i. List the prime factors of w.
2, 3, 11
Let d = -17 + 84. Suppose 0 = -73*t + d*t + 444. List the prime factors of t.
2, 37
Let s be (-9)/(-18) + (-10)/(-4). What are the prime factors of 2/s - ((-626)/6 + 2)?
103
Let p(f) = f**3 + 11*f**2 + 7*f - 14. Let w(a) = a - 4. Let d be w(-5). What are the prime factors of p(d)?
5, 17
Let c = -201 + 221. List the prime factors of c.
2, 5
Suppose -5349 = -5*y - 5*d + 1901, -4*d + 2896 = 2*y. List the prime factors of y.
2, 3, 11
Suppose g - 3*n + 3 = -3, 2*n = g + 1. Suppose -4*f = -f + g, -c - 5*f = -13. List the prime factors of c.
2, 7
Suppose 3*t = 4*f + 1276, -5*t - 5*f = -1198 - 952. List the prime factors of t.
2, 107
Suppose -2*a - 1479 = -5*o, -a + 1483 = 5*o - 5*a. Suppose 2*p + o - 40 = d, 4*p = -4*d + 1056. What are the prime factors of d?
3, 29
Let o be ((-3912)/(-32))/((-1)/(-4)). Let x = o - 239. List the prime factors of x.
2, 5
Suppose -4*r + 11 - 3 = 0. Let u be (r + -1)/(2/6). Suppose 9 = 4*b + 3*g, 2*g = -u*b + 3*g + 10. What are the prime factors of b?
3
Let o = 9834 - 6003. What are the prime factors of o?
3, 1277
Let y(a) = a**2 + 14*a + 14. Let k be y(-10). Let l = k - -73. What are the prime factors of l?
47
Let o = 2993 - -312. List the prime factors of o.
5, 661
Let x(d) = d**3 + 8*d**2 - d + 1. Let f be x(-8). Let s = 9 - f. Suppose -u + 2 + 15 = s. What are the prime factors of u?
17
Let x(w) = -3*w**3 + 8*w + 5. Let v be x(-2). Suppose -7*y - 318 = -v*y. What are the prime factors of y?
53
Let h be (-1288)/12*3*(0 - 3). Suppose -10*q + 194 = -h. What are the prime factors of q?
2, 29
Suppose -3*a + 409 = 2*x, 2*x - 3*a - 2*a - 417 = 0. What are the prime factors of x?
2, 103
Let p = 150 - -149. Let g = p + -160. What are the prime factors of g?
139
Suppose -20*q + 25*q + 699 = a, 5*a + 5*q - 3555 = 0. What are the prime factors of a?
709
Let r(a) = 176*a - 46. What are the prime factors of r(1)?
2, 5, 13
Let u(h) = -52*h + 46. What are the prime factors of u(-11)?
2, 3, 103
Suppose 4*o + 18704 = 4*v, 0 = -5*v + 14*o - 13*o + 23392. What are the prime factors of v?
4679
Suppose 6*p + 50 - 1064 = 0. Suppose 5*s - 3*l = 254, -5*s + 82 = -2*l - p. What are the prime factors of s?
7
Suppose 27*t - 151 - 1199 = 0. List the prime factors of t.
2, 5
Suppose -p = 0, -i + 5*p + 20 = 4*i. Suppose -58 + i = -3*m. List the prime factors of m.
2, 3
Suppose 2*z + 1144 - 62 = 2*o, -4*z = 3*o - 1616. What are the prime factors of o?
2, 3, 5
Suppose g = -7 - 14. Let k = g - -25. Suppose 0 = k*y - 5*h - 239, 0*h + 171 = 3*y - h. What are the prime factors of y?
2, 7
Let h = -289 - -557. List the prime factors of h.
2, 67
Suppose 5*j - 3444 = 2*b, 5*j + 4*b - 3432 = -0*b. What are the prime factors of j?
2, 43
Suppose -d + 13 = -4*m - 11, -18 = 3*m + 2*d. What are the prime factors of -39*(-33)/9 + m/(-2)?
2, 73
Let x(l) = 207*l + 5. Let t(j) = -104*j - 2. Let k(y) = 5*t(y) + 2*x(y). Let s be k(-1). Suppose -3*u + s = -14. What are the prime factors of u?
2, 5
Suppose 6*t + 150 = 2*z + 3*t, -3*t = 5*z - 396. Let g = z - 41. List the prime factors of g.
37
Suppose 48*n - 45*n - 2*t - 5440 = 0, 5*n - 3*t = 9065. List the prime factors of n.
2, 5, 181
Suppose 0 = -48*o + 44*o + 1500. Suppose -11*g + 8*g + o = 0. What are the prime factors of g?
5
Suppose 5*h + 0*v + 5*v - 185 = 0, -3*h = v - 103. Suppose h = 3*l - 0*l. List the prime factors of l.
11
Let k = 2850 - 1612. What are the prime factors of k?
2, 619
Let d be -2 - 0 - (-6 - 14). Let v = d + -16. Suppose 2*i - 5*b - 13 - 12 = 0, v*b = -3*i + 47. What are the prime factors of i?
3, 5
List the prime factors of (82/4 + -8)*(-1216)/(-10).
2, 5, 19
Let v = 9 + -6. Let c be v/(-2)*2996/(-42). Let k = c + -37. What are the prime factors of k?
2, 5, 7
Suppose 0*x + 4581 = x - 3*b, 9150 = 2*x - 3*b. What are the prime factors of x?
3, 1523
Let l(z) be the third derivative of z**6/180 - 11*z**5/120 - z**4/12 - 5*z**2. Let g(o) be the second derivative of l(o). What are the prime factors of g(10)?
29
Let b(a) = -4*a**3 + 2*a + 1. Let j be b(-1). Suppose 4*g + j = 3*u + 42, -2*u = -5*g + 19. Let m = 39 - u. List the prime factors of m.
2, 7
Let d(s) = -23*s + 2. Let f be d(-3). Suppose -5*i + f = -4. List the prime factors of i.
3, 5
Let g = -1010 - -3036. List the prime factors of g.
2, 1013
Let s(c) = -367*c + 5. What are the prime factors of s(-4)?
3, 491
Let s(u) = -u**2 - 37*u - 12. List the prime factors of s(-7).
2, 3, 11
Let w(t) = 61*t**2 + 17. What are the prime factors of w(-4)?
3, 331
Suppose -354*h = -355*h + 927. List the prime factors of h.
3, 103
Let v = 13 - 11. Let g be v*3*(-2)/(-6). Suppose -g*i = -i - 14. What are the prime factors of i?
2, 7
Suppose 0 = -2*x + 143 - 1031. Let h = x - -719. List the prime factors of h.
5, 11
Let f(t) = t**2 + 6*t + 2. Let z be f(-6). List the prime factors of z/(-1) + 19 + 208.
3, 5
Let j be 0 - (-2 + 3)*2. Let u be (6/15)/(j/(-20)). Suppose 0 = u*v - 9*v + 335. What are the prime factors of v?
67
Suppose -2*x = -6*x + 8. Let w be x/(-2) + 8 - -1. Let f = 0 + w. What are the prime factors of f?
2
Let h = 31 + -29. Suppose -h*a - 892 = 248. What are the prime factors of (5/10)/((-5)/a)?
3, 19
Let z = -40 + 61. Suppose -192 + z = -3*n. What are the prime factors of n?
3, 19
Suppose -4*s + 7*s = -6*s. Suppose -3*q - u + 32 = 4*u, 20 = 2*q + 3*u. Suppose 0 = i - q - s. List the prime factors of i.
2
Suppose 0 = 2*p + 2*x - 96, 2*x = -4*p + 6*p - 80. Suppose 4*l - z - 12 = 0, 4*l + 0*z - 12 = -z. Suppose 0 = -c - l*c + p. List the prime factors of c.
11
Suppose 11772 = -k + 10*k. What are the prime factors of k?
2, 3, 109
Suppose 64*v - 63*v - 505 = -3*l, -5*l + 2*v + 860 = 0. List the prime factors of l.
2, 5, 17
Suppose 3*q - 14*z = -19*z + 1148, 0 = -5*q + z + 1960. What are the prime factors of q?
17, 23
Let v = 3920 - 1074. What are the prime factors of v?
2, 1423
Suppose 63 = -7*m + 917. Suppose m = -4*s + 5*s. List the prime factors of s.
2, 61
Let i(s) = 26*s**2 + 3*s + 2. Let x be i(-1). List the prime factors of 2/10 - (-570)/x.
23
Suppose 126 = -3*w + 5*j - 30, w + 52 = 5*j. Let n be 2/(-5) - (-3 + (-1808)/20). Let m = n + w. List the prime factors of m.
41
Let m = 27 + -27. Suppose m = -5*w + 4*w + 35. Suppose -b = x - w, 0*b + 100 = 3*b + 2*x. What are the prime factors of b?
2, 3, 5
Let d(i) be the first derivative of i**5/15 - i**4/8 + i**3 + 11*i**2/2 - 7. Let b(u) be the second derivative of d(u). List the prime factors of b(3).
3, 11
Let d(i) = -35*i + 108. What are the prime factors of d(-4)?
2, 31
Suppose 594 = -68*c + 70*c. Suppose 2*s - 167 = -2*t + c, 4*s - 922 = -2*t. What are the prime factors of s?
229
Let f(v) = 21*v**3 + 3*v**2 + v. Let x = -73 - -75. What are the prime factors of f(x)?
2, 7, 13
Let s = 5414 - 2523. What are the prime factors of s?
7, 59
Suppose -5*i - 5*k = -6*i + 53, 4*k - 20 = 0. What are the prime factors of i?
2, 3, 13
Let g(d) = d**2 - 13*d + 3. Let i be g(-6). Let y = 145 - i. What are the prime factors of y?
2, 7
Let q(f) = 3*f + 4. Let a(g) = -g - 4. Let y be a(-9). Suppose -11 = -4*t + y. List the prime factors of q(t).
2
Let d be 2/(-5) + 3/(-5). Let n be (-100)/(-40)*(16/5)/4. List the prime factors of (d - n) + (29 - -12).
2, 19
Let i(x) = -2127*x**3 + 2*x**2 + x - 1. List the prime factors of i(-1).
3, 709
Suppose 0 = -4*y + 290 + 750. List the prime factors of y.
2, 5, 13
Suppose 1165 - 259 = 3*r. Suppose -4*q = 5*z - r, q + z = -z + 74. What are the prime factors of q?
2, 3, 13
Let o(p) = p**3 + 16*p**2 + p + 20. Let n be o(-16). Suppose j - 2*v = 14 - 2, 8 = n*v. What are the prime factors of j?
2
List the prime factors of (38/(-4))/((-120)/17280).
2, 3, 19
Let a(l) = -18*l**2 + 1 + 7*l**2 - 13*l + 12 + 10*l**2. Suppose -4*j + 8 = -2*z, -5*z - 5*j - 40 = -10*j. What are the prime factors of a(z)?
5
Let b(m) = 171*m + 379. List the prime factors of b(13).
2, 1301
Let t(o) = -o**2 - 11*o - 12. Let v be t(-9). Let h be (10/20)/(1/v). Suppose 0*q + 9 = l + 2*q, -q = -h*l + 13. What are the prime factor